alculate the highest common factor of m and j.
15
Let b(c) = c**2 - c - 36. Let w be b(0). Let u be (w/45)/(2/(-515)). Let i = -141 + u. What is the greatest common divisor of i and 13?
13
Suppose x + 4*x - 2*c - 116 = 0, -c - 46 = -2*x. Calculate the greatest common divisor of 96 and x.
24
Suppose -15*p = -14*p + 3*d - 2, 2*p = 3*d + 31. Calculate the highest common factor of p and 649.
11
Suppose 0 = -2*y + 4, -4*c + 31 + 19 = 5*y. What is the greatest common factor of c and 40?
10
Let a(t) = 3*t - 10*t + 6 - 3*t. Let u be a(-6). Suppose -3*i - u = -6*i. What is the highest common factor of i and 33?
11
Let v(u) = -3*u**2 + 11*u + 10. Let h(c) = c**2 + c. Let p(i) = 2*h(i) + v(i). Let f be p(13). Let b = 20 - f. Calculate the highest common divisor of 80 and b.
10
Let k = 24 - 18. Let n(a) = 2*a + 3 - k - 3. Let y be n(12). Calculate the greatest common factor of y and 90.
18
Suppose 4*l + l + 2*d = 21, 3*d = -2*l + 15. Suppose 8 = l*q + s - 5, 0 = -5*q - 4*s + 24. What is the highest common divisor of q and 1?
1
Let g = -68 + 75. Calculate the highest common divisor of g and 189.
7
Suppose 27 - 117 = -5*w. Suppose 4*l - w = -2. Let k be 32 + -34 - (-60)/2. What is the greatest common factor of k and l?
4
Suppose -5*q = 6*m - 2*m - 29, 4*q - 20 = 0. Let t be ((m - 5) + 2)/((-4)/114). What is the highest common divisor of t and 19?
19
Suppose 65 = 3*i + 14. Suppose 6*w = -3*l + w + 184, -5*l + 5*w + 360 = 0. What is the highest common factor of i and l?
17
Let t(j) = -4*j**3 - 3*j**2 + 2*j + 5. Let d be t(-1). Calculate the greatest common divisor of d and 500.
4
Let r = 17 + -13. Let y(q) = 2*q**3 - 4*q**2 - 7*q + 1. Let f be y(r). Calculate the greatest common factor of 185 and f.
37
Let n be (-6 - -4)/((-2)/(-40)). Let v = 21 + n. Let o be 2 + (-4)/4*v. What is the highest common factor of o and 7?
7
Let a = 44 - 89. Let b be (-170)/a + (-4)/(-18). What is the greatest common factor of 44 and b?
4
Let v = 16 - 12. Suppose -i + 2 = -v. Let r(u) = u**2 - 7*u + 7. Let j be r(i). What is the greatest common factor of 8 and j?
1
Let n(r) = 2*r**2. Suppose j + 2 = 4. Let f be n(j). Suppose 0 = 3*s + 12, -3*s + 232 + 12 = 4*c. Calculate the greatest common factor of c and f.
8
Let k be ((-30)/(-65))/(-3) - 708/(-39). What is the greatest common factor of k and 342?
18
Let i = 310 + -270. Calculate the highest common factor of i and 10.
10
Let d(l) = 94*l + 23. Let s be d(1). What is the highest common factor of 18 and s?
9
Let u(t) = t**2 - 11*t - 15. Let p be u(15). What is the highest common divisor of p and 60?
15
Let x be (-72)/2*(-95)/380. What is the greatest common divisor of 1179 and x?
9
Let n be (-22)/4*(-11 - 15). Calculate the highest common divisor of n and 11.
11
Let v be (-2 + -6)*(0 - (-74)/(-8)). Let a = v + 8. Calculate the highest common divisor of 205 and a.
41
Let u(d) = 0*d**3 + 8*d**2 - 17*d**2 + 0*d**2 - 10 + d**3 + 20*d. Let m be u(6). What is the greatest common divisor of m and 2?
2
Let h = 1818 + -1258. Calculate the highest common divisor of h and 42.
14
Let g = -11 - -28. What is the highest common divisor of g and 102?
17
Suppose 30 = 10*m - 5*m. Let v = 2 - m. Let l = v - -9. Calculate the highest common factor of l and 40.
5
Suppose 2*q = -47 + 283. Let h = q - 88. What is the greatest common factor of 330 and h?
30
Let o = 2246 - 2198. Let d be (-2)/(-2)*(-64)/(-2). What is the highest common divisor of o and d?
16
Suppose -192*p - 68 = -194*p. Calculate the greatest common factor of p and 136.
34
Let i = 659 - 284. Calculate the greatest common factor of 15 and i.
15
Suppose -9 = 3*v - 5*h, -7*v = -2*v - h - 7. What is the greatest common divisor of 5 and v?
1
Suppose -3 = u - 2. Let r(d) = -192*d + 6. Let l be r(u). Calculate the greatest common factor of 22 and l.
22
Suppose -4*c + 40 = 4*p, -2*p + 6*p - 35 = -3*c. What is the greatest common divisor of p and 35?
5
Let p(t) = -t**3 - t**2 - t + 7. Let r be p(0). Let z(y) = 2*y + 6 - y + 3. Let x be z(r). Calculate the highest common factor of 128 and x.
16
Suppose -12*h + 50 = -2*h. Suppose -3*p = -t - 347, -t = -h*p - 5*t + 567. What is the greatest common divisor of 5 and p?
5
Let b = 1773 + -1694. Calculate the highest common divisor of b and 1975.
79
Suppose -2*s - 18 = -36. What is the greatest common divisor of s and 1521?
9
Suppose 96 = 4*g - 5*i, -g - 3*i + 25 = 1. What is the greatest common factor of g and 16?
8
Suppose -x + 5*x - 24 = 0. Let b(l) = 6*l - 34. Let n be b(x). Calculate the highest common factor of n and 16.
2
Let j(o) = 6*o**2 - 4*o - 9. Let f be j(-6). Let t be (-42)/2*(10 + -11). Calculate the greatest common factor of f and t.
21
Let y(f) = -4*f - 4. Let n be y(-6). Suppose k - 145 = -3*v - 131, 0 = 4*k + 4*v - 72. What is the highest common factor of k and n?
20
Let v = 370 + -337. Calculate the greatest common divisor of v and 3.
3
Let v be 17/(408/60)*-66*2/(-5). Let k(i) = 2*i**2 - 4*i - 4. Let p be k(6). What is the greatest common factor of v and p?
22
Suppose -3*r - 5*n = -110, -10*r + 5*r + 178 = 3*n. What is the highest common factor of r and 525?
35
Suppose 11 = 5*f - 9. Let j(m) = 2*m**2 - m. Let n be j(-1). Suppose f*o = 5*k - 3*k - 168, 5*k - n*o = 434. Calculate the highest common factor of 22 and k.
22
Let h(d) = -d**3 - 4*d**2 - d - 3. Let g be h(-4). Let f be 3 + -2 - -226 - g. Suppose 5*l - f - 94 = 0. What is the greatest common divisor of 8 and l?
8
Let c be ((-314)/1 - 4)*-12. What is the greatest common factor of c and 72?
72
Let u be (268 - 7)/((-6)/(-12 + -6)). Calculate the highest common divisor of u and 174.
87
Let a(u) = -14*u + 6. Let w be a(-2). Calculate the greatest common factor of w and 68.
34
Suppose 0 = -4*v + 168 + 696. Suppose 7*s = s + v. Calculate the greatest common divisor of s and 9.
9
Suppose f = -5 + 15. Let t(j) = j**2 - 10*j + 12 + 3*j - 3*j. Let r be t(f). What is the greatest common factor of 2 and r?
2
Let t = 26 + -47. Let r = t + 54. Calculate the greatest common factor of 3 and r.
3
Let l(j) = 6 + 5 + 2*j + j - 6. Let k = -5 + 8. Let d be l(k). What is the greatest common divisor of 28 and d?
14
Let q(h) = -h**2 + 18*h + 72. Let s be q(18). Calculate the highest common divisor of s and 180.
36
Let w(o) be the second derivative of -o**4/12 - o**3 + o**2/2 - 75*o. Suppose 27 = -4*q + 3. Let x be w(q). What is the highest common factor of 5 and x?
1
Let s(b) = 3*b + 2. Let h be s(0). Suppose -l = h*d, l + 5*d + 6 - 3 = 0. Let k be l/7 - 159/(-7). Calculate the greatest common factor of k and 184.
23
Let m(l) = -52*l + 486. Let u be m(5). What is the greatest common factor of 113 and u?
113
Suppose 20 = u + 4*u. Suppose 0 = 5*z + 4*v - 183, u*z - 114 = z - v. Let w(g) = -g**2 + 7*g + 7. Let d be w(6). What is the greatest common factor of z and d?
13
Let u be (-3 - (3 - 5))*-6. Suppose u*j = 3*j + 90. Suppose -4*k - 2*f - 6 + j = 0, 0 = 2*f - 8. Calculate the highest common divisor of k and 12.
4
Let k(j) = 5*j - 7*j - 5 - 7 - 8*j. Let v be k(-3). What is the greatest common factor of v and 180?
18
Let u = 46 + -37. Let s(y) = 2*y**2 - 14*y + 14. Let z be s(u). What is the greatest common divisor of z and 10?
10
Let o be (-4)/18 + (4 - (-370)/45). Let q = 13 - 33. Let y be 50/(-4)*48/q. Calculate the highest common divisor of y and o.
6
Let c(s) = -2*s**3 - 16*s**2 + 7*s - 9. Let o be c(-9). Let h = o - 42. What is the greatest common divisor of 64 and h?
16
Let n = 3916 + -1108. Calculate the highest common divisor of n and 104.
104
Suppose -15 = u - 6*u. Let l be (-24)/(-3) + 4/(-2). Suppose -2*q = 5*y - 38, l*q - 2*q = u*y + 76. What is the highest common factor of 57 and q?
19
Suppose -5*k - 26 = -4*l, 9*l - 4*l - 5*k - 30 = 0. What is the greatest common divisor of l and 36?
4
Suppose -562*u + 77 = 567*u - 1118*u. Let s = -5 - -33. What is the greatest common factor of s and u?
7
Let q = -68 + 108. Let j(p) = -52*p + 4. Let y be j(-3). What is the highest common factor of y and q?
40
Suppose 0 = 3*z + 186 - 483. Suppose 4*s + 0*r + r = -301, -z = s + 5*r. Let u = s - -110. What is the greatest common factor of 12 and u?
12
Suppose 2*w - 6 = 3*c, -4*w - 2*c = -9*w + 26. What is the greatest common divisor of 42 and w?
6
Let v(a) = a**3 - 11*a**2 - 14*a + 63. Let r be v(13). C